{"id":53,"date":"2024-05-07T15:04:32","date_gmt":"2024-05-07T15:04:32","guid":{"rendered":"https:\/\/dev-kf.kunstakademiet.dk\/?page_id=53"},"modified":"2025-06-10T09:27:37","modified_gmt":"2025-06-10T09:27:37","slug":"referater","status":"publish","type":"page","link":"https:\/\/kf.kunstakademiet.dk\/index.php\/generalforsamling\/referater\/","title":{"rendered":"Referater"},"content":{"rendered":"\n<p>L\u00e6s det \u00f8nskede referat ved at klikke p\u00e5 navnet.<\/p>\n\n\n\n<p><a href=\"https:\/\/kf.kunstakademiet.dk\/wp-content\/uploads\/2024\/05\/GF2023-Referat.pdf\" data-type=\"attachment\" data-id=\"68\" target=\"_blank\" rel=\"noreferrer noopener\">Generalforsamling 2023<\/a><\/p>\n\n\n\n<p><a href=\"https:\/\/kf.kunstakademiet.dk\/wp-content\/uploads\/2024\/05\/GF2022-Referat.pdf\" data-type=\"attachment\" data-id=\"67\" target=\"_blank\" rel=\"noreferrer noopener\">Generalforsamling 2022<\/a><\/p>\n\n\n\n<p>Generalforsamling 2021<\/p>\n\n\n\n<p>Generalforsamling 2020<\/p>\n\n\n\n<p><a href=\"https:\/\/kf.kunstakademiet.dk\/wp-content\/uploads\/2024\/05\/GF2019-Referat.pdf\" data-type=\"attachment\" data-id=\"66\" target=\"_blank\" rel=\"noreferrer noopener\">Generalforsamling 2019<\/a><\/p>\n\n\n\n<p><a href=\"https:\/\/kf.kunstakademiet.dk\/wp-content\/uploads\/2024\/05\/GF2018-Referat.pdf\" data-type=\"attachment\" data-id=\"65\" target=\"_blank\" rel=\"noreferrer noopener\">Generalforsamling 2018<\/a><\/p>\n\n\n\n<p><a href=\"https:\/\/kf.kunstakademiet.dk\/wp-content\/uploads\/2024\/05\/GF2017-Referat.pdf\" data-type=\"attachment\" data-id=\"64\" target=\"_blank\" rel=\"noreferrer noopener\">Generalforsamling 2017<\/a><\/p>\n\n\n\n<p><a href=\"https:\/\/kf.kunstakademiet.dk\/wp-content\/uploads\/2024\/05\/GF2016-Referat.pdf\" data-type=\"attachment\" data-id=\"63\" target=\"_blank\" rel=\"noreferrer noopener\">Generalforsamling 2016<\/a><\/p>\n\n\n\n<p><a href=\"https:\/\/kf.kunstakademiet.dk\/wp-content\/uploads\/2024\/05\/GF2015-Referat.pdf\" data-type=\"attachment\" data-id=\"62\" target=\"_blank\" rel=\"noreferrer noopener\">Generalforsamling 2015<\/a><\/p>\n\n\n\n<p><a href=\"https:\/\/kf.kunstakademiet.dk\/wp-content\/uploads\/2024\/05\/GF2014-Referat.pdf\" data-type=\"attachment\" data-id=\"61\" target=\"_blank\" rel=\"noreferrer noopener\">Generalforsamling 2014<\/a><\/p>\n\n\n\n<p><a href=\"https:\/\/kf.kunstakademiet.dk\/wp-content\/uploads\/2024\/05\/GF2013-Referat.pdf\" data-type=\"attachment\" data-id=\"60\" target=\"_blank\" rel=\"noreferrer noopener\">Generalforsamling 2013<\/a><\/p>\n\n\n\n<p>Generalforsamling 2012<\/p>\n\n\n\n<p><a href=\"https:\/\/kf.kunstakademiet.dk\/wp-content\/uploads\/2024\/05\/GF2011-Referat.pdf\" data-type=\"attachment\" data-id=\"59\" target=\"_blank\" rel=\"noreferrer noopener\">Generalforsamling 2011<\/a><\/p>\n\n\n\n<p>Generalforsamling 2010<\/p>\n\n\n\n<p>Generalforsamling 2009<\/p>\n","protected":false},"excerpt":{"rendered":"<p>L\u00e6s det \u00f8nskede referat ved at klikke p\u00e5 navnet. Generalforsamling 2023 Generalforsamling 2022 Generalforsamling 2021 Generalforsamling 2020 Generalforsamling 2019 Generalforsamling 2018 Generalforsamling 2017 Generalforsamling 2016 Generalforsamling 2015 Generalforsamling 2014 Generalforsamling 2013 Generalforsamling 2012 Generalforsamling 2011 Generalforsamling 2010 Generalforsamling 2009<\/p>\n","protected":false},"author":2,"featured_media":0,"parent":49,"menu_order":0,"comment_status":"closed","ping_status":"closed","template":"","meta":{"inline_featured_image":false,"footnotes":""},"class_list":["post-53","page","type-page","status-publish","hentry"],"_links":{"self":[{"href":"https:\/\/kf.kunstakademiet.dk\/index.php\/wp-json\/wp\/v2\/pages\/53","targetHints":{"allow":["GET"]}}],"collection":[{"href":"https:\/\/kf.kunstakademiet.dk\/index.php\/wp-json\/wp\/v2\/pages"}],"about":[{"href":"https:\/\/kf.kunstakademiet.dk\/index.php\/wp-json\/wp\/v2\/types\/page"}],"author":[{"embeddable":true,"href":"https:\/\/kf.kunstakademiet.dk\/index.php\/wp-json\/wp\/v2\/users\/2"}],"replies":[{"embeddable":true,"href":"https:\/\/kf.kunstakademiet.dk\/index.php\/wp-json\/wp\/v2\/comments?post=53"}],"version-history":[{"count":5,"href":"https:\/\/kf.kunstakademiet.dk\/index.php\/wp-json\/wp\/v2\/pages\/53\/revisions"}],"predecessor-version":[{"id":98,"href":"https:\/\/kf.kunstakademiet.dk\/index.php\/wp-json\/wp\/v2\/pages\/53\/revisions\/98"}],"up":[{"embeddable":true,"href":"https:\/\/kf.kunstakademiet.dk\/index.php\/wp-json\/wp\/v2\/pages\/49"}],"wp:attachment":[{"href":"https:\/\/kf.kunstakademiet.dk\/index.php\/wp-json\/wp\/v2\/media?parent=53"}],"curies":[{"name":"wp","href":"https:\/\/api.w.org\/{rel}","templated":true}]}}